8
Let x(v) = v**3 + 8*v**2 + 8*v - 7. What is x(-6)?
17
Let o(h) = -3*h**2 - 26*h - 18. Give o(-8).
-2
Let t(m) = -3*m**2 - 41*m - 29. Give t(-13).
-3
Let k(s) = -s**3 - 34*s**2 + 33*s - 66. Give k(-35).
4
Let p(u) = -3*u + 34. Give p(11).
1
Let p(k) = 3*k**2 + k + 5. What is p(-4)?
49
Let a(w) = -13*w**3. Give a(1).
-13
Let c(j) = 2*j**3 - j + 3. What is c(-3)?
-48
Let u(p) = p**3 + 14*p**2 + 16*p + 32. Calculate u(-13).
-7
Let f(g) = g**3 + 8*g**2 - 9*g + 13. Give f(-9).
13
Let i(d) = d**2 + 2*d + 22. What is i(-4)?
30
Let l(p) = p**3 - p**2 - 24*p - 29. Determine l(6).
7
Let h(l) = -21*l - 46. What is h(-2)?
-4
Let h(n) = 3*n + 19. What is h(-9)?
-8
Let a(u) = 2*u - 30. Calculate a(22).
14
Let g(z) = -2*z - 21. What is g(-9)?
-3
Let m(k) = -11*k**2 - 2*k + 1. Give m(1).
-12
Let b(z) = -z**3 - 28*z**2 + z + 21. What is b(-28)?
-7
Let t(o) = 9*o + 5. Determine t(3).
32
Let u(x) = -x**2 - 20*x - 21. Calculate u(-19).
-2
Let v(i) = 8*i**3 + i - 2. Calculate v(1).
7
Let a(p) = -p**3 - 11*p**2 - 24*p - 14. Give a(-8).
-14
Let u(v) = -8*v**2 + 2*v - 1. Calculate u(1).
-7
Let p(g) = 4*g + 17. Give p(3).
29
Let x(n) = -n**3 + 5*n**2 + 11*n - 6. Determine x(7).
-27
Let h(k) = 3*k - 7. Calculate h(-3).
-16
Let b(r) = -2*r**2 - 3*r - 10. What is b(-6)?
-64
Let q(b) = -b**3 + 2*b**2 - b + 12. What is q(4)?
-24
Let j(y) = y**3 + 4*y**2 - y. Calculate j(-3).
12
Let q(n) = n**2 - 15*n + 18. What is q(13)?
-8
Let b(r) = r + 3. Determine b(-2).
1
Let f(k) = -27*k - 29. What is f(-1)?
-2
Let q(b) = -b**3 + 8*b**2 + 14*b - 9. Give q(9).
36
Let i(f) = -2*f**3 + 35*f**2 + 17*f + 20. Determine i(18).
2
Let g(p) = p**3 + 4*p**2 - 4*p + 7. Calculate g(-5).
2
Let s(v) = v**2 - 14*v + 2. Calculate s(4).
-38
Let s(o) = o + 32. What is s(-9)?
23
Let p(h) = h**2 + 26*h + 104. Calculate p(-9).
-49
Let a(f) = -2*f**3 - 10*f**2 - 3*f - 9. Give a(-5).
6
Let p(d) = 12*d - 397. Give p(32).
-13
Let g(x) = -3*x - 10. Determine g(-13).
29
Let k(u) = u**3 + 5*u**2 + 2*u + 3. Determine k(-2).
11
Let a(b) = 37*b**3 + b**2 + b - 1. What is a(1)?
38
Let y(k) = 3*k**3 + k**2 + 4*k + 1. What is y(3)?
103
Let z(c) = -c**3 + 43*c**2 - 40*c - 82. Determine z(42).
2
Let y(c) = -c**3 - 2*c**2 + 5*c + 8. Determine y(-4).
20
Let s(f) = f**2 + 9*f - 15. Calculate s(-11).
7
Let g(p) = p**3 + 8*p**2 - 11*p - 21. Determine g(-9).
-3
Let f(r) = 25*r**2 + 2*r + 1. Give f(-1).
24
Let d(f) = f + 45. Give d(-23).
22
Let k(q) = -q**3 - 6*q**2 - 4*q + 1. Give k(-5).
-4
Let o(j) = -3*j**2 + 62*j - 208. What is o(4)?
-8
Let d(y) = -9*y + 26. Give d(-9).
107
Let w(r) = -2*r**2 + 29*r + 22. Determine w(15).
7
Let l(k) = 12*k**2 - 2*k - 5. Give l(-3).
109
Let l(b) = b**3 - 6*b**2 + 4. Calculate l(6).
4
Let t(p) = -3*p + 75. Give t(26).
-3
Let w(p) = p**3 + 38*p**2 + 37*p + 19. Calculate w(-37).
19
Let h(j) = -j**2 + 21*j + 1. Calculate h(21).
1
Let p(b) = b**2 - 11*b + 35. Give p(10).
25
Let o(f) = -3*f**3 + 74*f**2 - 45*f - 77. What is o(24)?
-5
Let k(n) = 9*n - 17. What is k(4)?
19
Let v(c) = -2*c + 3. Calculate v(3).
-3
Let w(t) = -t**2 - 3*t + 9. What is w(-6)?
-9
Let f(a) = -3*a - 78. Determine f(-28).
6
Let m(p) = -6*p + 102. Calculate m(18).
-6
Let q(o) = o**3 + 7*o**2 - 34*o - 8. Determine q(4).
32
Let q(i) = i**3 + 14*i**2 + 53*i + 36. Calculate q(-8).
-4
Let o(g) = -7*g - 28. Give o(7).
-77
Let t(y) = -3*y**3 + 6*y**2 + y - 9. Calculate t(2).
-7
Let s(p) = 2*p**3 + 15*p**2 - 8*p + 1. Calculate s(-8).
1
Let h(c) = -2*c + 33. Give h(11).
11
Let z(q) = q**3 - 4. Determine z(0).
-4
Let j(v) = 6*v**2 + 2*v + 5. Calculate j(-3).
53
Let d(b) = -b**2 + 11*b - 13. Calculate d(6).
17
Let b(x) = -x**3 + 6*x**2 + 6*x - 6. Determine b(6).
30
Let d(n) = -2*n**2 + 3*n + 35. Determine d(-7).
-84
Let b(k) = -81*k**3 + k. Calculate b(-1).
80
Let h(v) = v**3 + 8*v**2 - 6*v - 25. Give h(-8).
23
Let r(c) = 4*c + 56. What is r(-18)?
-16
Let p(d) = d**2 + 16*d - 8. Calculate p(-9).
-71
Let j(f) = -f**3 - 6*f**2 + 3*f - 3. What is j(-6)?
-21
Let n(j) = -6*j - 8. What is n(-5)?
22
Let a(x) = x - 12. What is a(3)?
-9
Let u(s) = -s**2 - 5*s + 2. Give u(-4).
6
Let v(b) = -b**3 + 16*b**2 + 16*b + 22. Determine v(17).
5
Let g(p) = -p**3 - 24*p**2 - 21*p + 47. Determine g(-23).
1
Let h(b) = b**3 + 28*b**2 + 26*b - 29. Calculate h(-27).
-2
Let x(f) = -3*f**2 - 7*f - 7. Give x(-2).
-5
Let b(y) = y**2 + 4*y - 3. Give b(-6).
9
Let o(a) = -2*a - 22. What is o(-7)?
-8
Let p(r) = r**2 - 4*r + 1. Give p(6).
13
Let y(v) = -19*v - 85. Calculate y(-5).
10
Let b(t) = t**3 - 4*t**2 - 6*t - 4. What is b(6)?
32
Let f(r) = -2*r**2 - 18*r - 5. What is f(-9)?
-5
Let w(i) = -10*i**2 + 9*i + 10. Give w(-1).
-9
Let h(n) = n**3 - 18*n**2 - 21*n + 21. What is h(19)?
-17
Let a(k) = -k**2 - 7*k + 3. Give a(-7).
3
Let i(r) = -14*r**2 + 9*r - 11. Determine i(1).
-16
Let v(w) = -5*w - 7. Calculate v(7).
-42
Let p(z) = 16*z**2 - 8*z - 6. What is p(-1)?
18
Let o(g) = 8*g - 50. What is o(6)?
-2
Let b(p) = p**3 + 16*p**2 + 52*p + 7. Calculate b(-12).
-41
Let h(u) = -7*u - 71. Give h(-9).
-8
Let p(m) = 9*m - 38. Calculate p(-10).
-128
Let b(q) = -2*q**2 + 7*q + 20. Calculate b(7).
-29
Let s(x) = 8*x + 25. Calculate s(-3).
1
Let f(g) = -g**3 - 20*g**2 - 2*g - 2. Calculate f(-20).
38
Let c(t) = -t**2 - 4*t + 50. Calculate c(-9).
5
Let p(v) = -2*v. Determine p(-1).
2
Let a(q) = -2*q**2 + q + 7. Give a(-5).
-48
Let d(h) = -h**2 + 6*h - 14. Give d(4).
-6
Let l(c) = 2*c**2 + 2*c - 21. Give l(-5).
19
Let q(k) = k**2 + 6*k - 8. Determine q(-6).
-8
Let t(v) = -8*v - 176. Give t(-22).
0
Let v(s) = 5*s**2 - 21*s + 24. What is v(3)?
6
Let z(c) = 5*c - 25. Determine z(8).
15
Let n(m) = -m**2 - 9*m + 13. Give n(-11).
-9
Let s(y) = -y - 32. Calculate s(-4).
-28
Let h(i) = -i**3 + 30*i**2 + i - 34. What is h(30)?
-4
Let y(p) = p**3 - p**2 + 4*p. What is y(3)?
30
Let u(b) = -b**2 - 4. Calculate u(-3).
-13
Let w(m) = -7*m + 11. What is w(-6)?
53
Let o(f) = f**3 - 13*f**2 + 15*f - 30. Determine o(12).
6
Let b(a) = a**2 - 3*a - 374. Give b(21).
4
Let g(p) = -5*p**2 - p. Calculate g(-1).
-4
Let z(k) = 11*k - 32. Determine z(9).
67
Let r(z) = -2*z**2 + 4*z - 6. What is r(4)?
-22
Let c(v) = 17*v**2 - 4*v - 5. Give c(-1).
16
Let v(s) = 21*s + 349. Calculate v(-17).
-8
Let c(a) = -a**3 - 2*a**2 + 3*a - 1. What is c(-5)?
59
Let o(c) = 29*c**3 - c**2 + c - 1. Determine o(1).
28
Let l(u) = 14*u**2 - 12*u + 12. What is l(1)?
14
Let q(l) = -l**2 + 5*l + 18. Give q(6).
12
Let i(z) = z**2 - 21*z - 57. Give i(27).
105
Let m(i) = -i**3 - 10*i**2 + 4*i + 8. Calculate m(-11).
85
Let d(x) = -2*x**2 + 8*x + 22. What is d(8)?
-42
Let y(z) = -z**3 - 8*z**2 - 20*z - 8. Determine y(-6).
40
Let w(s) = -s**3 + 20*s**2 + 46*s + 2. Calculate w(22).
46
Let k(h) = h**3 + 7*h**2 - 11*h - 9. Determine k(-8).
15
Let v(u) = -9*u - 81. Calculate v(-9).
0
Let f(m) = -9*m**2 - m - 1. Calculate f(-1).
-9
Let z(j) = -j + 13. Give z(13).
0
Let h(f) = 2*f**3 - 8. Determine h(4).
120
Let r(c) = -2*c**3 + 15*c**2 + 8*c - 8. What is r(8)?
-8
Let d(c) = -3*c - 4. What is d(-4)?
8
Let u(c) = -76*c - 2. What is u(-1)?
74
Let n(o) = -13*o + 5. Give n(0).
5
Let m(b) = -b**3 + 5*b**2 + 12*b + 10. Determine m(7).
-4
Let m(z) = 11*z - 22. What is m(2)?
0
Let y(n) = n**2 - 18*n + 28. Determine y(12).
-44
Let q(u) = 2*u**2 - 19*u - 356. Calculate q(19).
5
Let q(h) = h**2 + 14*h - 7. What is q(-14)?
-7
Let j(g) = -g - 14. Determine j(9).
-23
Let i(c) = c**2 - 5*c + 5. What is i(2)?
-1
Let j(q) = q**2 - 10*q + 14. Give j(5).
-11
Let n(d) = d**3 + d**2 - 11*d - 10. Determine n(-4).
-14
Let v(l) = -l**2 + 6*l + 5. Determine v(6).
5
Let x(q) = q**3 - 3*q**2 - 4*q - 7. Determine x(4).
-7
Let m(b) = -b**3 - 11*b**2 + 83*b + 41. Give m(-16).
-7
Let i(k) = k**3 + 10*k**2 - 20*k + 40. Determine i(-12).
-8
Let q(d) = d**3 - 13*d**2 + 10*d + 7. Give q(12).
-17
Let b(r) = r**2 - 3*r - 14. What is b(8)?
26
Let w(i) = 14*i. What is w(2)?
28
Let w(l) = -l**3 - 8*l**2 + 9*l + 8. What is w(-9)?
8
Let n(j) = -j**2 - 9*j + 69. What is n(-15)?
-21
Let o(a) = -a**2 - 25*a - 97. Calculate o(-20).
3
Let u(g) = 2*g**3 - 15*g**2 + 1. What is u(8)?
65
Let l(h) = h**2 - 1. What is l(-1)?
0
Let v(i) = i**3 + 9*i**2 - 8. Determine v(-9).
-8
Let z(i) = -15*i + 359. Calculate z(25).
-16
Let t(s) = s**3 + s**2 - 17*s + 3. Calculate t(-5).
-12
Let s(n) = -19*n